or of 1809?
True
Is 7489 a multiple of 51?
False
Is 30 a factor of 331?
False
Does 12 divide 1497?
False
Is 6 a factor of 2958?
True
Is 1818 a multiple of 4?
False
Is 587 a multiple of 18?
False
Is 81108 a multiple of 12?
True
Is 23 a factor of 17086?
False
Does 6 divide 3458?
False
Is 1414 even?
True
Is 2914 a multiple of 94?
True
Is 7 a factor of 1245?
False
Does 65 divide 1355?
False
Is 129 a multiple of 43?
True
Is 100 a multiple of 2?
True
Does 4 divide 259?
False
Does 21 divide 573?
False
Is 171 a factor of 14706?
True
Does 11 divide 228?
False
Is 1122 a multiple of 66?
True
Is 32 a factor of 1056?
True
Does 7 divide 903?
True
Is 2333 a multiple of 9?
False
Does 10 divide 242?
False
Does 18 divide 1443?
False
Does 10 divide 41?
False
Does 214 divide 29517?
False
Is 11 a factor of 4126?
False
Is 18759 a multiple of 13?
True
Is 26 a factor of 13310?
False
Is 18 a factor of 1818?
True
Is 36 a multiple of 18?
True
Is 203 a factor of 49592?
False
Is 4488 a multiple of 204?
True
Is 289 a multiple of 6?
False
Is 926 a multiple of 3?
False
Does 41 divide 7257?
True
Is 44 a factor of 1892?
True
Is 1269 even?
False
Is 76 a factor of 629?
False
Does 54 divide 14904?
True
Is 14 a factor of 812?
True
Does 46 divide 1426?
True
Is 9 a factor of 2909?
False
Is 226 even?
True
Does 18 divide 9295?
False
Is 4625 a multiple of 4?
False
Is 706 a multiple of 49?
False
Is 767 a multiple of 13?
True
Does 7 divide 1535?
False
Is 17 a multiple of 9?
False
Is 27 a factor of 24462?
True
Does 61 divide 2200?
False
Is 12 a factor of 203?
False
Is 1814 a multiple of 112?
False
Does 4 divide 148?
True
Is 8119 a multiple of 79?
False
Is 2832 a multiple of 38?
False
Is 39 a factor of 2418?
True
Is 2560 a multiple of 8?
True
Is 117 a factor of 1218?
False
Is 45 a factor of 800?
False
Is 113 a factor of 69312?
False
Does 121 divide 2299?
True
Does 14 divide 238?
True
Does 10 divide 1746?
False
Is 13994 a multiple of 4?
False
Is 2065 a multiple of 34?
False
Is 13 a factor of 273?
True
Is 3 a factor of 10820?
False
Is 7 a factor of 601?
False
Does 176 divide 33742?
False
Is 44 a multiple of 4?
True
Is 20007 a multiple of 351?
True
Does 30 divide 1519?
False
Is 39 a factor of 31860?
False
Is 13414 a multiple of 38?
True
Does 8 divide 273?
False
Is 6840 a multiple of 30?
True
Does 13 divide 494?
True
Does 7 divide 571?
False
Is 9420 a multiple of 60?
True
Is 23330 a multiple of 37?
False
Does 37 divide 14578?
True
Is 29 a factor of 3525?
False
Is 790 a multiple of 10?
True
Is 22 a factor of 1254?
True
Does 98 divide 11768?
False
Does 29 divide 116?
True
Is 147 a factor of 67617?
False
Is 12 a factor of 36?
True
Is 10 a factor of 924?
False
Is 1581 a multiple of 17?
True
Is 27 a factor of 62190?
False
Is 74 a factor of 296?
True
Is 141 a factor of 33144?
False
Does 8 divide 2672?
True
Is 14432 a multiple of 88?
True
Does 86 divide 38885?
False
Is 3 a factor of 10872?
True
Is 478 a multiple of 57?
False
Does 15 divide 529?
False
Does 10 divide 1888?
False
Is 2246 a multiple of 16?
False
Is 6684 a multiple of 16?
False
Is 199872 a multiple of 18?
True
Does 47 divide 41239?
False
Does 248 divide 4960?
True
Does 52 divide 832?
True
Does 11 divide 429?
True
Is 27 a factor of 492?
False
Is 122 a multiple of 23?
False
Is 15260 a multiple of 28?
True
Is 31 a factor of 1116?
True
Is 4803 a multiple of 57?
False
Is 62 a factor of 57536?
True
Does 231 divide 6909?
False
Does 52 divide 5356?
True
Is 4 a factor of 105?
False
Is 15 a factor of 9945?
True
Is 2250 a multiple of 18?
True
Does 22 divide 24?
False
Is 61 a factor of 1664?
False
Is 114752 a multiple of 176?
True
Does 6 divide 5956?
False
Does 47 divide 423?
True
Is 6340 a multiple of 16?
False
Is 62 a factor of 2210?
False
Does 11 divide 2046?
True
Is 18 a factor of 230?
False
Does 27 divide 4671?
True
Is 62 a factor of 5601?
False
Does 32 divide 13408?
True
Does 14 divide 274?
False
Is 7 a factor of 568?
False
Does 10 divide 134?
False
Does 98 divide 882?
True
Is 1040 a multiple of 32?
False
Is 14 a factor of 1073?
False
Is 112 a multiple of 14?
True
Does 21 divide 60?
False
Is 35875 a multiple of 175?
True
Is 1125 a multiple of 125?
True
Is 193 a factor of 22193?
False
Is 215 a factor of 76325?
True
Does 3 divide 69?
True
Does 32 divide 7214?
False
Is 28 a factor of 520?
False
Is 10280 a multiple of 40?
True
Is 31 a factor of 1047?
False
Is 24579 a multiple of 231?
False
Does 179 divide 2148?
True
Does 164 divide 59502?
False
Is 45 a factor of 8046?
False
Is 8 a factor of 450?
False
Is 7 a factor of 364?
True
Does 14 divide 2695?
False
Is 87 a factor of 28536?
True
Does 103 divide 10197?
True
Is 32872 a multiple of 23?
False
Does 100 divide 8600?
True
Does 29 divide 438?
False
Is 1178 a multiple of 19?
True
Does 6 divide 492?
True
Is 7 a factor of 947?
False
Does 42 divide 227?
False
Does 17 divide 609?
False
Is 12 a factor of 1536?
True
Is 39 a factor of 1014?
True
Does 41 divide 34809?
True
Does 9 divide 1134?
True
Does 11 divide 19?
False
Is 11 a factor of 1016?
False
Does 8 divide 576?
True
Does 15 divide 29130?
True
Does 5 divide 2887?
False
Is 5320 a multiple of 38?
True
Does 24 divide 29808?
True
Is 21 a factor of 777?
True
Is 12 a factor of 11783?
False
Does 6 divide 14786?
False
Does 46 divide 2208?
True
Is 3737 a multiple of 37?
True
Does 22 divide 440?
True
Is 35 a factor of 2811?
False
Is 31 a factor of 29751?
False
Is 11985 a multiple of 15?
True
Is 170 a factor of 112370?
True
Is 40663 a multiple of 32?
False
Does 19 divide 3561?
False
Does 7 divide 44?
False
Does 5 divide 5355?
True
Is 20774 a multiple of 26?
True
Is 129 a multiple of 3?
True
Is 68 a factor of 3493?
False
Is 1506 a multiple of 6?
True
Is 43 a multiple of 3?
False
Is 5341 a multiple of 109?
True
Is 3 a multiple of 2?
False
Is 160 a factor of 7200?
True
Is 1110 a multiple of 15?
True
Does 14 divide 15759?
False
Is 96 a multiple of 4?
True
Is 15 a factor of 285?
True
Does 29 divide 8263?
False
Is 9 a factor of 1665?
True
Is 30 a factor of 2190?
True
Is 9718 a multiple of 102?
False
Is 9 a factor of 585?
True
Does 6 divide 1385?
False
Does 41 divide 2102?
False
Is 18 a factor of 2124?
True
Is 9180 a multiple of 40?
False
Is 2327 a multiple of 32?
False
Does 201 divide 16080?
True
Does 11 divide 176?
True
Is 19 a factor of 16710?
False
Is 15 a factor of 32707?
False
Is 3930 a multiple of 17?
False
Does 8 divide 181?
False
Does 29 divide 3799?
True
Does 58 divide 5589?
False
Does 38 divide 3040?
True
Does 13 divide 5088?
False
Does 192 divide 75856?
False
Is 446 a multiple of 32?
False
Does 69 divide 39606?
True
Is 20 a factor of 13840?
True
Is 651 a multiple of 9?
False
Does 113 divide 226?
True
Is 29 a factor of 1446?
False
Is 18 a factor of 37?
False
Is 1424 a multiple of 4?
True
Is 7375 a multiple of 25?
True
Is 866 a multiple of 20?
False
Does 16 divide 51008?
True
Is 47 a factor of 1754?
False
Is 8 a factor of 1568?
True
Is 6052 a multiple of 31?
False
Is 16 a factor of 4863?
False
Does 13 divide 1391?
True
Is 18 a factor of 15505?
False
Is 14 a factor of 30016?
True
Does 52 divide 35360?
True
Is 86046 a multiple of 32?
False
Is 25 a factor of 2375?
True
Does 19 divide 7144?
True
Does 125 divide 17000?
True
Does 22 divide 1123?
False
Is 11220 a multiple of 66?
True
Is 29821 a multiple of 35?
False
Does 3 divide 826?
False
Does 11 divide 19921?
True
Is 87 a factor of 30189?
True
Is 10 a factor of 30734?
False
Is 2247 a multiple of 7?
True
Does 12 divide 2092?
False
Is 16066 a multiple of 3?
False
Is 7400 a multiple of 17?
False
Does 14 divide 1304?
False
Is 16 a factor of 1035?
False
Does 8 divide 688?
True
Is 49773 a multiple of 47?
True
Is 6 a factor of 9600?
True
Is 605 a multiple of 39?
False
Does 7 divide 175?
True
Is 28 a factor of 812?
True
Does 43 divide 21350?
False
Does 3 divide 4380?
True
Does 5 divide 136?
False
Is 2466 a multiple of 31?
False
Is 7 a factor of 1435?
True
Does 83 divide 1411?
True
Is 19898 a multiple of 12?
False
Is 21 a factor of 147?
True
Is 15 a factor of 49?
False
Is 25 a factor of 400?
True
Is 40 a factor of 33440?
True
Does 15 divide 5113?
False
Is 12874 a multiple of 13?
False
Is 148 a factor of 18537?
False
Is 11 a factor of 990?
True
Does 7 divide 334?
False
Is 10140 a multiple of 15?
True
Is 74 a factor of 